re the prime factors of 11671866?
2, 3, 648437
What are the prime factors of 12268?
2, 3067
What are the prime factors of 10744964?
2, 29, 211, 439
List the prime factors of 3094951.
3094951
List the prime factors of 2281641.
3, 373, 2039
List the prime factors of 10830234.
2, 3, 1805039
What are the prime factors of 1100186?
2, 151, 3643
List the prime factors of 5158480.
2, 5, 17, 3793
What are the prime factors of 7304149?
7304149
List the prime factors of 315308.
2, 7, 11261
List the prime factors of 1042296.
2, 3, 137, 317
List the prime factors of 6170977.
6170977
List the prime factors of 1083444.
2, 3, 17, 47, 113
What are the prime factors of 1017107?
7, 13, 11177
What are the prime factors of 5322613?
509, 10457
What are the prime factors of 9864353?
9864353
What are the prime factors of 18078835?
5, 1163, 3109
List the prime factors of 125663.
53, 2371
List the prime factors of 8524240.
2, 5, 127, 839
List the prime factors of 33051442.
2, 101, 163621
List the prime factors of 188501.
251, 751
What are the prime factors of 1313631?
3, 11, 4423
What are the prime factors of 593996?
2, 13, 11423
List the prime factors of 2461113.
3, 273457
What are the prime factors of 1044945?
3, 5, 11, 2111
List the prime factors of 1225830.
2, 3, 5, 29, 1409
List the prime factors of 15023056.
2, 41, 22901
List the prime factors of 410120.
2, 5, 10253
What are the prime factors of 205779?
3, 7, 41, 239
What are the prime factors of 9450794?
2, 4725397
List the prime factors of 274232.
2, 7, 59, 83
What are the prime factors of 6198604?
2, 547, 2833
What are the prime factors of 3971835?
3, 5, 7, 467
List the prime factors of 2321789.
41, 56629
List the prime factors of 1878479.
23, 53, 67
What are the prime factors of 2397402?
2, 3, 7, 53, 359
What are the prime factors of 869251?
869251
What are the prime factors of 11574011?
11574011
List the prime factors of 10483670.
2, 5, 1048367
What are the prime factors of 357498?
2, 3, 19861
List the prime factors of 7425101.
1151, 6451
List the prime factors of 899824.
2, 56239
What are the prime factors of 248285?
5, 17, 23, 127
List the prime factors of 35536175.
5, 19, 79, 947
List the prime factors of 1948074.
2, 3, 41, 7919
What are the prime factors of 724921?
41, 17681
List the prime factors of 2759063.
2759063
List the prime factors of 371693.
7, 29, 1831
List the prime factors of 151830.
2, 3, 5, 7, 241
List the prime factors of 462813.
3, 13, 11867
List the prime factors of 759294.
2, 3, 43, 109
What are the prime factors of 2362588?
2, 590647
What are the prime factors of 6959?
6959
What are the prime factors of 16840079?
1213, 13883
What are the prime factors of 4938059?
7, 705437
List the prime factors of 218469.
3, 72823
What are the prime factors of 856345?
5, 7, 43, 569
List the prime factors of 21977768.
2, 2747221
List the prime factors of 1858234.
2, 7, 331, 401
List the prime factors of 1585231.
131, 12101
What are the prime factors of 14912?
2, 233
List the prime factors of 12577489.
12577489
List the prime factors of 1104304.
2, 69019
List the prime factors of 27004695.
3, 5, 1800313
What are the prime factors of 1327637?
31, 113, 379
What are the prime factors of 12742?
2, 23, 277
List the prime factors of 10207401.
3, 31, 41, 2677
What are the prime factors of 15692999?
7, 449, 4993
List the prime factors of 3874590.
2, 3, 5, 43051
List the prime factors of 3622593.
3, 13, 29, 3203
List the prime factors of 2715032.
2, 463, 733
List the prime factors of 634637.
43, 14759
List the prime factors of 3213139.
3213139
What are the prime factors of 5888777?
53, 111109
List the prime factors of 955891.
955891
What are the prime factors of 416158?
2, 251, 829
What are the prime factors of 764725?
5, 13, 181
What are the prime factors of 158403?
3, 7, 19, 397
What are the prime factors of 91032?
2, 3, 3793
List the prime factors of 8651900.
2, 5, 241, 359
List the prime factors of 5459491.
83, 65777
What are the prime factors of 2006995?
5, 79, 5081
What are the prime factors of 4611987?
3, 512443
List the prime factors of 9355789.
1523, 6143
List the prime factors of 3229400.
2, 5, 67, 241
What are the prime factors of 158660?
2, 5, 7933
List the prime factors of 70903.
7, 1447
What are the prime factors of 135642?
2, 3, 13, 37, 47
What are the prime factors of 15121940?
2, 5, 756097
What are the prime factors of 12798015?
3, 5, 353, 2417
What are the prime factors of 4224170?
2, 5, 367, 1151
List the prime factors of 724625.
5, 11, 17, 31
What are the prime factors of 18425924?
2, 11, 418771
What are the prime factors of 396809?
7, 56687
What are the prime factors of 1886370?
2, 3, 5, 227, 277
What are the prime factors of 313870?
2, 5, 31387
What are the prime factors of 3774936?
2, 3, 11, 79, 181
What are the prime factors of 6670434?
2, 3, 37, 30047
What are the prime factors of 1700674?
2, 850337
List the prime factors of 7181170.
2, 5, 773, 929
What are the prime factors of 38229?
3, 12743
List the prime factors of 13412918.
2, 6706459
List the prime factors of 2127612.
2, 3, 177301
List the prime factors of 877631.
47, 71, 263
List the prime factors of 2458988.
2, 7, 53, 1657
List the prime factors of 5618448.
2, 3, 11, 3547
List the prime factors of 1384390.
2, 5, 7, 19777
What are the prime factors of 616678?
2, 503, 613
List the prime factors of 2698737.
3, 73, 12323
List the prime factors of 315848.
2, 13, 3037
What are the prime factors of 6401414?
2, 89, 35963
What are the prime factors of 291376?
2, 18211
What are the prime factors of 901856?
2, 28183
List the prime factors of 529468.
2, 132367
List the prime factors of 2744141.
181, 15161
List the prime factors of 385077.
3, 7, 11, 1667
List the prime factors of 14479087.
7, 17, 281, 433
List the prime factors of 2796032.
2, 43, 127
What are the prime factors of 19737?
3, 17, 43
What are the prime factors of 16897827?
3, 5632609
List the prime factors of 913377.
3, 304459
List the prime factors of 34959.
3, 43, 271
What are the prime factors of 70441?
7, 29, 347
What are the prime factors of 1044101?
691, 1511
List the prime factors of 4332032.
2, 8461
What are the prime factors of 632096?
2, 19753
What are the prime factors of 188227?
13, 14479
What are the prime factors of 116637?
3, 17, 2287
List the prime factors of 1374015.
3, 5, 139, 659
What are the prime factors of 911104?
2, 3559
List the prime factors of 2298944.
2, 17, 2113
List the prime factors of 321044.
2, 83, 967
List the prime factors of 2334907.
103, 22669
List the prime factors of 2381698.
2, 11, 73, 1483
List the prime factors of 6349519.
11, 443, 1303
What are the prime factors of 540259?
523, 1033
What are the prime factors of 21492306?
2, 3, 11, 19, 29, 197
What are the prime factors of 2046?
2, 3, 11, 31
List the prime factors of 858322.
2, 429161
List the prime factors of 155685.
3, 5, 97, 107
List the prime factors of 3249601.
17, 23, 8311
List the prime factors of 35032224.
2, 3, 364919
What are the prime factors of 233121?
3, 7, 17, 653
What are the prime factors of 556282?
2, 19, 14639
What are the prime factors of 4759084?
2, 11, 108161
List the prime factors of 3807630.
2, 3, 5, 42307
What are the prime factors of 113631?
3, 7, 773
List the prime factors of 186083.
53, 3511
What are the prime factors of 156732?
2, 3, 37, 353
List the prime factors of 1084801.
887, 1223
What are the prime factors of 266782?
2, 133391
List the prime factors of 684119.
684119
List the prime factors of 369670.
2, 5, 7, 5281
List the prime factors of 1111599.
3, 29, 4259
What are the prime factors of 10841850?
2, 3, 5, 2677
List the prime factors of 175760.
2, 5, 13
What are the prime factors of 9699?
3, 53, 61
What are the prime factors of 21196794?
2, 3, 109, 32411
List the prime factors of 25060751.
373, 67187
List the prime factors of 2467790.
2, 5, 13, 41, 463
List the prime factors of 473988.
2, 3, 39499
List the prime factors of 12564084.
2, 3, 13, 43, 1873
List the prime factors of 327403.
17, 19259
List the prime factors of 4516542.
2, 3, 250919
List the prime factors of 14737303.
7, 2105329
What are the prime factors of 580090?
2, 5, 7, 8287
What are the prime factors of 205062?
2, 3, 11, 13, 239
List the prime factors of 24561158.
2, 17, 461, 1567
Wh